6*w**2 - 19*w - 13. Let f(q) = 5*q**2 - 6*q - 4. Let j(u) = 7*f(u) - 2*y(u). Let p = 79 - 75. List the prime factors of j(p).
2, 3, 5
Let q be (-1 - 4)*1*1/(-5). Let b(h) = 51*h**3 - 4*h + 3. List the prime factors of b(q).
2, 5
Suppose -5*t - 263 = -w, -4*t + 6*w = 5*w + 211. Let x = 247 + t. What are the prime factors of x?
3, 5, 13
Let f(u) = -u**3 - 23*u**2 - 15*u - 17. List the prime factors of f(-23).
2, 41
Let r(a) = 2*a - 5. Let g(d) = d**3 - 4*d**2 - 7*d - 2. Let b be g(5). Let p = b + 18. What are the prime factors of r(p)?
7
Let f = 309 + -125. What are the prime factors of f?
2, 23
Let d(j) be the first derivative of 11*j**3/3 - 4*j**2 + 9*j + 38. What are the prime factors of d(4)?
3, 17
Let u = -6 + 10. Suppose -u*v = -v - 192. Let h = v + -37. List the prime factors of h.
3
Suppose -3*n + 3 = 3. Suppose 0 = f - 10 - 1. Suppose 5*a + f - 46 = n. What are the prime factors of a?
7
Let r = -229 + 673. What are the prime factors of r?
2, 3, 37
Suppose -318 = 2*i - m, -2*i - 2*m + 165 = -3*i. Let r = i - -102. List the prime factors of (r/(-5))/(1/5).
5, 11
List the prime factors of -2*((-9)/36 - 7/4).
2
Let j = -46 - -46. Suppose 61*v - 59*v - 540 = j. What are the prime factors of v?
2, 3, 5
Suppose o = -5*g - o + 26, -14 = -2*g + o. Suppose -g*h + 53 = -31. What are the prime factors of h?
2, 7
Suppose 3*p + 769 + 273 = 5*z, -4*p - 205 = -z. What are the prime factors of z?
11, 19
Suppose -159*q + 4279 = -148*q. What are the prime factors of q?
389
Let t(a) = -135*a - 135. Let d(g) = -30*g + 5. Let r be d(2). Let b(h) = 5*h + 5. Let o(f) = r*b(f) - 2*t(f). List the prime factors of o(-9).
2, 5
Let h(s) = 4 + s - 18 - 5*s**2 - s**3 - 6. What are the prime factors of h(-6)?
2, 5
Let u = 3271 - 1560. List the prime factors of u.
29, 59
Let i(z) = z**2 + 11*z + 18. Let k be i(-10). What are the prime factors of k + -3 + (2 - 5)?
2
Let f(o) be the second derivative of o**5/20 - o**4/2 - 2*o**3/3 - 9*o**2/2 + 3*o. Let q be f(7). Suppose 9 = 3*u - q. List the prime factors of u.
7
Let y be (-8)/5*5/(-2). Suppose -2*z = 4*d - 4*z - 4, y = 4*d - 4*z. List the prime factors of (-1 + -30)*(d + -2).
31
Let h(m) = 6*m + 2*m**2 - 4*m**2 - 14 - m - 4*m**2 + m**3. Let d be h(6). Suppose 0 = -3*j + 4*l + 147 - d, -5*l = 2*j - 72. What are the prime factors of j?
41
Suppose 2*r - 258 = -2*h + 506, -2*h - 1945 = -5*r. What are the prime factors of r?
3, 43
Suppose -9 - 6 = -5*j + 2*f, -2*f = -2*j. Let d(m) = 7*m**2 + m + 6. Let o(i) = 8*i**2 + 2*i + 8. Let b(h) = 6*d(h) - 5*o(h). List the prime factors of b(j).
2, 13
Suppose 3*z - 116 - 289 = 0. Suppose 8*x = 13*x - z. List the prime factors of x.
3
Suppose 2*l + 12 = 2, -5*y - 5*l - 10 = 0. Suppose -y*k + 20 = -k - 2*q, -4*q - 16 = 0. Let p = k + 2. List the prime factors of p.
2
Let x be (-8 - -2)/3*-6. Suppose i = -0*i + x. Suppose 0*s - i = -s. What are the prime factors of s?
2, 3
Let t = 1273 + -824. What are the prime factors of t?
449
Suppose 3*y = 4*v - 44, 2*v - 5*y = 3*v + 12. Suppose 5*d = v*d - 180. List the prime factors of d.
2, 3, 5
Let x(p) = -12*p + 70. Let s be x(6). What are the prime factors of (35 + -39)*(1 + 37/s)?
2, 5, 7
Let j(t) = -t**3 + 12*t**2 + 21*t + 17. List the prime factors of j(13).
11
Suppose m + 2*d + 148 = -m, 3*m = -5*d - 218. Let z = m + 142. Suppose z + 54 = 5*a. List the prime factors of a.
2, 3
Let v = -2309 + 3892. List the prime factors of v.
1583
Suppose 7*w = 13438 - 5150. List the prime factors of w/24 - 8/6.
2, 3
Let w = 550 + -350. List the prime factors of w.
2, 5
Let r(x) = -4*x + 3. Let b be r(-3). Suppose 3*s - 20 - 34 = 0. Let q = s - b. What are the prime factors of q?
3
Suppose x = 2*o + 94, -84 = -x + 4*o + 10. Suppose -5*m + 26 + x = 0. What are the prime factors of m?
2, 3
Let f(g) = -2*g**2 + 2*g + 7. Let t be f(6). Let d = 22 - t. List the prime factors of d.
3, 5
Suppose 11 = 9*g - 43. List the prime factors of 43*4 - 3/(g/(-2)).
173
Suppose 4*t + 11 = 2*g - 7, 5 = 5*g - 2*t. Let w be 2 + (g - -3) + 13. List the prime factors of 0 + w + 0 + 3.
2, 5
Let z be (20/(-14))/((-19)/133). Suppose -2*s - z + 78 = 0. Let n = 6 + s. List the prime factors of n.
2, 5
Let t = 7 + -4. Suppose -3*q - 7*w = -2*w - 245, -q = t*w - 83. What are the prime factors of q?
2, 5
Suppose -3*a = 2*k - 6*a - 300, -3*k + 450 = -2*a. Let s = -87 + k. List the prime factors of s.
3, 7
Let x = 84 + -246. Let o = x + 196. List the prime factors of o.
2, 17
Let k = -4 + 6. Suppose 4*p - 6 = k*p. Suppose 18 = p*s - s. List the prime factors of s.
3
Suppose 0 = 4*j - 4*c + 352, 6*j - 4*j + 3*c = -161. Suppose -176 = 5*b - 3*o - 0*o, -15 = 5*o. Let g = b - j. List the prime factors of g.
2, 3
Let k(w) = -w. Let j(f) = f**2 - 17*f + 27. Let b(l) = j(l) - 4*k(l). List the prime factors of b(20).
167
Let n = -274 + 275. Suppose 4*q = -d + 3*d - 194, -2*d + 145 = -3*q. List the prime factors of -2 + n + 4 - q.
2, 13
Let z = 10 - 22. What are the prime factors of (-21 - z)/(2/(-18))?
3
What are the prime factors of (10956/(-4))/((-3)/4)?
2, 11, 83
Let r = -11 + 9. Let o be 2 + -6 - r - -2. Suppose o = -y + k + 15, -5*y + 10 = -4*k - 63. List the prime factors of y.
13
Let y(g) = g**2 - 5*g + 1. Let u be y(8). Let w(a) = -a**3 + a**2 + 3*a - 2. Let l be w(2). Suppose 5*b + l = u. List the prime factors of b.
5
Let a be 275/5 - (-9)/(-3). Suppose -2*h + 60 = -a. List the prime factors of h.
2, 7
Let h = -684 + 1551. What are the prime factors of h?
3, 17
Let o = 2466 - 830. What are the prime factors of o?
2, 409
Suppose -23*o - 21*o + 124828 = 0. List the prime factors of o.
2837
Suppose 4 = 5*o - 6. Suppose o*m = 4*b - 40, b - 9 = -m - 2. List the prime factors of 30/b*(10 + -1).
2, 3, 5
List the prime factors of 7/(84/(-16))*(-1791)/6.
2, 199
Let a(j) = -10*j - 15. Let f be 2/2*(-24)/3. Let q be a(f). Suppose -v + 3*h = -21, -5*h = 4*v - 2 - q. What are the prime factors of v?
2, 3
Let q(u) = -u**2 - 10*u + 1. Let y be q(-9). Suppose 4*t - 15 = 5*z + 22, 4*t + 3*z - 29 = 0. Suppose -5*i = s + t, -i - i = y. List the prime factors of s.
17
Suppose r - 4*q + 10 = -2*r, -3*q + 1 = r. What are the prime factors of (r - (-92)/12)*6/1?
2, 17
Let a(f) = f**2 - 5*f + 34. List the prime factors of a(6).
2, 5
Suppose 0 = 18*c - 21*c + 1263. List the prime factors of c.
421
Let u be (-1 - -4)/3*0. Let l be (1 + 4 - u) + -2. List the prime factors of (2 - -29)/(4 - l).
31
Suppose 4*h - 117 = -f - 0*f, h - 27 = -f. Suppose 4*p - 3*j = 3*p + 44, 0 = -j - 4. Suppose -2*t = -p - h. What are the prime factors of t?
31
Let y(s) = -2*s**2 - 2*s - 10. Let t be y(-6). Let p = -52 - t. What are the prime factors of p?
2, 3
What are the prime factors of ((-1)/1*-2609)/1?
2609
Let s(w) = -3 - 3 + 3*w**2 - 4*w + w**3 + 2*w**2. Suppose u + 3*u = h - 18, u + h = -7. List the prime factors of s(u).
2, 7
Let j be (-8)/(-12)*((-27)/6 + 0). What are the prime factors of 5076/48 + j/(-12)?
2, 53
Suppose -57 = 3*j - 60. List the prime factors of (j*134)/(3/6).
2, 67
Let w be (-6204)/(-484) + 4/22. Suppose 3*p - 67 - 29 = 0. Let k = p - w. List the prime factors of k.
19
Let m = 171 + 278. What are the prime factors of m?
449
Let y(i) be the second derivative of -i**3/6 + 2*i**2 - 3*i. Let n be y(7). Let v(g) = g**2 + 2*g + 1. What are the prime factors of v(n)?
2
Suppose -10 + 14 = -2*f. What are the prime factors of (159/(-6)*f)/(4 - 3)?
53
Let x(r) = -2*r**3 - 3*r**2 - 2*r. Let s be x(-2). Suppose 0 = -6*o + s*o - 176. What are the prime factors of o?
2, 11
List the prime factors of 12/(-114) + (-43556)/(-76).
3, 191
Let d be -1 + -24 + -1 + 1. Suppose -501 = -10*y - 1. Let i = y + d. What are the prime factors of i?
5
Let z(r) = -r**3 + r**2 + 2*r + 6. Let w be -1 - -3 - (-86 + 0). Let o be 2/(-11) - (-16)/w. What are the prime factors of z(o)?
2, 3
Suppose 6*r = 4*r + 308. Let p = r + -98. List the prime factors of p.
2, 7
Let w(l) = -5*l**3 + l - 1. Let t(q) = 9 - 18 - q + 11. Let g be t(4). List the prime factors of w(g).
37
Let a(w) = w**2 - 10*w - 10. Let j be a(11). Suppose -1 = -b + j. Suppose -2*k = b*k - 124. What are the prime factors of k?
31
Suppose 30*h + 4380 = 34*h. List the prime factors of h.
3, 5, 73
Suppose 0 = -0*q - 4*q + 8, 2*u - 3*q - 922 = 0. List the prime factors of u.
2, 29
